{"id":805,"date":"2018-08-29T19:12:44","date_gmt":"2018-08-29T22:12:44","guid":{"rendered":"https:\/\/isfdyt209-bue.infd.edu.ar\/sitio\/docentes-del-instituto-en-educacion-inicial\/"},"modified":"2025-07-14T20:36:05","modified_gmt":"2025-07-14T23:36:05","slug":"docentes-del-instituto-en-educacion-inicial","status":"publish","type":"page","link":"https:\/\/isfdyt209-bue.infd.edu.ar\/sitio\/docentes-del-instituto-en-educacion-inicial\/","title":{"rendered":"Docentes del Instituto en Educaci\u00f3n Inicial"},"content":{"rendered":"<table border=\"0\" frame=\"VOID\" rules=\"NONE\" cellspacing=\"0\">\n<colgroup>\n<col width=\"572\" \/>\n<col width=\"69\" \/>\n<col width=\"219\" \/>\n<col width=\"73\" \/><\/colgroup>\n<tbody>\n<tr>\n<td align=\"CENTER\" valign=\"MIDDLE\" bgcolor=\"#FF99CC\" width=\"572\" height=\"36\"><strong><span style=\"font-size: xx-large;\">Materias EDUCACION INICIAL<\/span><\/strong><\/td>\n<td align=\"CENTER\" valign=\"BOTTOM\" width=\"69\"><strong><span style=\"font-size: large;\">\u00a0<\/span><\/strong><\/td>\n<td align=\"CENTER\" valign=\"MIDDLE\" bgcolor=\"#FF99CC\" width=\"219\"><strong><span style=\"font-size: medium;\">CICLO LECTIVO: 2025<\/span><\/strong><\/td>\n<td align=\"CENTER\" valign=\"MIDDLE\" bgcolor=\"#FF99CC\" width=\"73\"><strong><span style=\"font-size: large;\">A\u00f1o<\/span><\/strong><\/td>\n<\/tr>\n<tr>\n<td align=\"LEFT\" valign=\"BOTTOM\" height=\"33\"><span style=\"color: #000000; font-family: Calibri;\">\u00a0<\/span><\/td>\n<td align=\"LEFT\" valign=\"BOTTOM\"><span style=\"color: #000000; font-family: Calibri;\">\u00a0<\/span><\/td>\n<td align=\"CENTER\" valign=\"BOTTOM\"><strong><span style=\"color: #000000; font-family: Calibri; font-size: x-large;\">DOCENTE<\/span><\/strong><\/td>\n<td align=\"LEFT\" valign=\"BOTTOM\"><strong><span style=\"font-size: large;\">\u00a0<\/span><\/strong><\/td>\n<\/tr>\n<tr>\n<td align=\"LEFT\" valign=\"MIDDLE\" bgcolor=\"#FF99CC\" height=\"26\"><strong><span style=\"font-family: 'Comic Sans MS'; font-size: medium;\">(1) Taller de Lectura, Escritura y Oralidad<\/span><\/strong><\/td>\n<td align=\"LEFT\" valign=\"BOTTOM\"><span style=\"color: #000000; font-family: Calibri;\">\u00a0<\/span><\/td>\n<td align=\"LEFT\" valign=\"BOTTOM\"><span style=\"color: #000000; font-family: Calibri;\">COCIO Cresta Lucrecia<\/span><\/td>\n<td rowspan=\"12\" align=\"CENTER\" valign=\"MIDDLE\" bgcolor=\"#FFCCFF\"><strong><span style=\"font-size: x-large;\">1\u00ba a\u00f1o<\/span><\/strong><\/td>\n<\/tr>\n<tr>\n<td align=\"LEFT\" valign=\"MIDDLE\" bgcolor=\"#FF99CC\" height=\"26\"><strong><span style=\"font-family: 'Comic Sans MS'; font-size: medium;\">(2) Taller de Pensamiento L\u00f3gico Matem\u00e1tico<\/span><\/strong><\/td>\n<td align=\"LEFT\" valign=\"BOTTOM\"><span style=\"color: #000000; font-family: Calibri;\">\u00a0<\/span><\/td>\n<td align=\"LEFT\" valign=\"BOTTOM\"><span style=\"color: #000000; font-family: Calibri;\">MAIDANA Elena del Pilar<\/span><\/td>\n<\/tr>\n<tr>\n<td align=\"LEFT\" valign=\"MIDDLE\" bgcolor=\"#FF99CC\" height=\"26\"><strong><span style=\"font-family: 'Comic Sans MS'; font-size: medium;\">(3) Taller de Definici\u00f3n Institucional<\/span><\/strong><\/td>\n<td align=\"LEFT\" valign=\"BOTTOM\"><span style=\"color: #000000; font-family: Calibri;\">\u00a0<\/span><\/td>\n<td align=\"LEFT\" valign=\"BOTTOM\"><span style=\"color: #000000; font-family: Calibri;\">PEREYRA M\u00f3nica<\/span><\/td>\n<\/tr>\n<tr>\n<td align=\"LEFT\" valign=\"MIDDLE\" bgcolor=\"#FF99CC\" height=\"26\"><strong><span style=\"font-family: 'Comic Sans MS'; font-size: medium;\">(4) Filosof\u00eda<\/span><\/strong><\/td>\n<td align=\"LEFT\" valign=\"BOTTOM\"><span style=\"color: #000000; font-family: Calibri;\">\u00a0<\/span><\/td>\n<td align=\"LEFT\" valign=\"BOTTOM\"><span style=\"color: #000000; font-family: Calibri;\">ARROBAS Marianela<\/span><\/td>\n<\/tr>\n<tr>\n<td align=\"LEFT\" valign=\"MIDDLE\" bgcolor=\"#FF99CC\" height=\"26\"><strong><span style=\"font-family: 'Comic Sans MS'; font-size: medium;\">(5) Did\u00e1ctica General<\/span><\/strong><\/td>\n<td align=\"LEFT\" valign=\"BOTTOM\"><span style=\"color: #000000; font-family: Calibri;\">\u00a0<\/span><\/td>\n<td align=\"LEFT\" valign=\"BOTTOM\"><span style=\"color: #000000; font-family: Calibri;\">SENA Mariana<\/span><\/td>\n<\/tr>\n<tr>\n<td align=\"LEFT\" valign=\"MIDDLE\" bgcolor=\"#FF99CC\" height=\"26\"><strong><span style=\"font-family: 'Comic Sans MS'; font-size: medium;\">(6) Pedagog\u00eda<\/span><\/strong><\/td>\n<td align=\"LEFT\" valign=\"BOTTOM\"><span style=\"color: #000000; font-family: Calibri;\">\u00a0<\/span><\/td>\n<td align=\"LEFT\" valign=\"BOTTOM\"><span style=\"color: #000000; font-family: Calibri;\">SENA Mariana<\/span><\/td>\n<\/tr>\n<tr>\n<td align=\"LEFT\" valign=\"MIDDLE\" bgcolor=\"#FF99CC\" height=\"26\"><strong><span style=\"font-family: 'Comic Sans MS'; font-size: medium;\">(7) An\u00e1lisis del Mundo Contempor\u00e1neo<\/span><\/strong><\/td>\n<td align=\"LEFT\" valign=\"BOTTOM\"><span style=\"color: #000000; font-family: Calibri;\">\u00a0<\/span><\/td>\n<td align=\"LEFT\" valign=\"BOTTOM\">TAFURO, Ana Maria.<\/td>\n<\/tr>\n<tr>\n<td align=\"LEFT\" valign=\"MIDDLE\" bgcolor=\"#FF99CC\" height=\"26\"><strong><span style=\"font-family: 'Comic Sans MS'; font-size: medium;\">(8) Psicolog\u00eda del Desarrollo y el Aprendizaje I<\/span><\/strong><\/td>\n<td align=\"LEFT\" valign=\"BOTTOM\"><span style=\"color: #000000; font-family: Calibri;\">\u00a0<\/span><\/td>\n<td align=\"LEFT\" valign=\"BOTTOM\"><span style=\"color: #000000; font-family: Calibri;\">RODRIGUEZ ZU\u00d1IGA, M.<\/span><\/td>\n<\/tr>\n<tr>\n<td align=\"LEFT\" valign=\"MIDDLE\" bgcolor=\"#FF99CC\" height=\"26\"><strong><span style=\"font-family: 'Comic Sans MS'; font-size: medium;\">(9) Educaci\u00f3n Temprana<\/span><\/strong><\/td>\n<td align=\"LEFT\" valign=\"BOTTOM\"><span style=\"color: #000000; font-family: Calibri;\">\u00a0<\/span><\/td>\n<td align=\"LEFT\" valign=\"BOTTOM\"><span style=\"color: #000000; font-family: Calibri;\">RIELLA Teresa Beatriz<\/span><\/td>\n<\/tr>\n<tr>\n<td align=\"LEFT\" valign=\"MIDDLE\" bgcolor=\"#FF99CC\" height=\"26\"><strong><span style=\"font-family: 'Comic Sans MS'; font-size: medium;\">(10) Corporeidad y Motricidad<\/span><\/strong><\/td>\n<td align=\"LEFT\" valign=\"BOTTOM\"><span style=\"color: #000000; font-family: Calibri;\">\u00a0<\/span><\/td>\n<td align=\"LEFT\" valign=\"BOTTOM\">FERRERO Gabriela<\/td>\n<\/tr>\n<tr>\n<td align=\"LEFT\" valign=\"MIDDLE\" bgcolor=\"#FF99CC\" height=\"26\"><strong><span style=\"font-family: 'Comic Sans MS'; font-size: medium;\">(11) Campo de la Pr\u00e1ctica Docente I<\/span><\/strong><\/td>\n<td align=\"LEFT\" valign=\"BOTTOM\"><span style=\"color: #000000; font-family: Calibri;\">\u00a0<\/span><\/td>\n<td align=\"LEFT\" valign=\"BOTTOM\"><span style=\"color: #000000; font-family: Calibri;\">CRESTA Anal\u00eda<\/span><\/td>\n<\/tr>\n<tr>\n<td align=\"LEFT\" valign=\"MIDDLE\" bgcolor=\"#FF99CC\" height=\"35\"><strong><span style=\"font-family: 'Comic Sans MS'; font-size: medium;\">FONOAUDIOLOGIA<\/span><\/strong><\/td>\n<td align=\"LEFT\" valign=\"BOTTOM\"><span style=\"color: #000000; font-family: Calibri;\">\u00a0<\/span><\/td>\n<td align=\"LEFT\" valign=\"BOTTOM\"><span style=\"color: #000000; font-family: Calibri;\">PEDREIRA Marcela Ver\u00f3nica<\/span><\/td>\n<\/tr>\n<tr>\n<td align=\"CENTER\" valign=\"MIDDLE\" height=\"27\"><strong><span style=\"font-family: 'Comic Sans MS'; font-size: medium;\">\u00a0<\/span><\/strong><\/td>\n<td align=\"LEFT\" valign=\"BOTTOM\"><span style=\"color: #000000; font-family: Calibri;\">\u00a0<\/span><\/td>\n<td align=\"LEFT\" valign=\"BOTTOM\"><span style=\"color: #000000; font-family: Calibri;\">\u00a0<\/span><\/td>\n<td align=\"LEFT\" valign=\"BOTTOM\"><strong><span style=\"font-size: large;\">\u00a0<\/span><\/strong><\/td>\n<\/tr>\n<tr>\n<td align=\"LEFT\" valign=\"MIDDLE\" bgcolor=\"#FF99CC\" height=\"26\"><strong><span style=\"font-family: 'Comic Sans MS'; font-size: medium;\">(13) Teor\u00edas Sociopol\u00edticas y Educaci\u00f3n<\/span><\/strong><\/td>\n<td align=\"LEFT\" valign=\"BOTTOM\"><span style=\"color: #000000; font-family: Calibri;\">\u00a0<\/span><\/td>\n<td align=\"LEFT\" valign=\"BOTTOM\"><span style=\"color: #000000; font-family: Calibri;\">RAMIREZ Daniel<\/span><\/td>\n<td rowspan=\"12\" align=\"CENTER\" valign=\"MIDDLE\" bgcolor=\"#FFCCFF\"><strong><span style=\"font-size: x-large;\">2\u00ba a\u00f1o<\/span><\/strong><\/td>\n<\/tr>\n<tr>\n<td align=\"LEFT\" valign=\"MIDDLE\" bgcolor=\"#FF99CC\" height=\"26\"><strong><span style=\"font-family: 'Comic Sans MS'; font-size: medium;\">(14) Did\u00e1ctica y Curr\u00edculum del Nivel Inicial<\/span><\/strong><\/td>\n<td align=\"LEFT\" valign=\"BOTTOM\"><span style=\"color: #000000; font-family: Calibri;\">\u00a0<\/span><\/td>\n<td align=\"LEFT\" valign=\"BOTTOM\"><span style=\"color: #000000; font-family: Calibri;\">FELLINI Marta Claudia<\/span><\/td>\n<\/tr>\n<tr>\n<td align=\"LEFT\" valign=\"MIDDLE\" bgcolor=\"#FF99CC\" height=\"26\"><strong><span style=\"font-family: 'Comic Sans MS'; font-size: medium;\">(15) Psicolog\u00eda del Desarrollo y el Aprendizaje II<\/span><\/strong><\/td>\n<td align=\"LEFT\" valign=\"BOTTOM\"><span style=\"color: #000000; font-family: Calibri;\">\u00a0<\/span><\/td>\n<td align=\"LEFT\" valign=\"BOTTOM\">RODRIGUEZ ZU\u00d1IGA Natalia<\/td>\n<\/tr>\n<tr>\n<td align=\"LEFT\" valign=\"MIDDLE\" bgcolor=\"#FF99CC\" height=\"26\"><strong><span style=\"font-family: 'Comic Sans MS'; font-size: medium;\">(16) Psicolog\u00eda Social e Institucional<\/span><\/strong><\/td>\n<td align=\"LEFT\" valign=\"BOTTOM\"><span style=\"color: #000000; font-family: Calibri;\">\u00a0<\/span><\/td>\n<td align=\"LEFT\" valign=\"BOTTOM\"><span style=\"color: #000000; font-family: Calibri;\">FELLINI Marta Claudia<\/span><\/td>\n<\/tr>\n<tr>\n<td align=\"LEFT\" valign=\"MIDDLE\" bgcolor=\"#FF99CC\" height=\"26\"><strong><span style=\"font-family: 'Comic Sans MS'; font-size: medium;\">(17) Cultura, Comunicaci\u00f3n y Educaci\u00f3n<\/span><\/strong><\/td>\n<td align=\"LEFT\" valign=\"BOTTOM\"><span style=\"color: #000000; font-family: Calibri;\">\u00a0<\/span><\/td>\n<td align=\"LEFT\" valign=\"BOTTOM\"><span style=\"color: #000000; font-family: Calibri;\">MUJICA Ma. Fernanda<\/span><\/td>\n<\/tr>\n<tr>\n<td align=\"LEFT\" valign=\"MIDDLE\" bgcolor=\"#FF99CC\" height=\"26\"><strong><span style=\"font-family: 'Comic Sans MS'; font-size: medium;\">(18) Educaci\u00f3n Pl\u00e1stica<\/span><\/strong><\/td>\n<td align=\"LEFT\" valign=\"BOTTOM\"><span style=\"color: #000000; font-family: Calibri;\">\u00a0<\/span><\/td>\n<td align=\"LEFT\" valign=\"BOTTOM\"><span style=\"color: #000000; font-family: Calibri;\">ZABALA Hector Ezequiel<\/span><\/td>\n<\/tr>\n<tr>\n<td align=\"LEFT\" valign=\"MIDDLE\" bgcolor=\"#FF99CC\" height=\"26\"><strong><span style=\"font-family: 'Comic Sans MS'; font-size: medium;\">(19) Did\u00e1ctica de Pr\u00e1cticas del Lenguaje y la Literatura<\/span><\/strong><\/td>\n<td align=\"LEFT\" valign=\"BOTTOM\"><span style=\"color: #000000; font-family: Calibri;\">\u00a0<\/span><\/td>\n<td align=\"LEFT\" valign=\"BOTTOM\"><span style=\"color: #000000; font-family: Calibri;\">RECAGNO Mar\u00eda Gabriela<\/span><\/td>\n<\/tr>\n<tr>\n<td align=\"LEFT\" valign=\"MIDDLE\" bgcolor=\"#FF99CC\" height=\"26\"><strong><span style=\"font-family: 'Comic Sans MS'; font-size: medium;\">(20) Did\u00e1ctica de las Ciencias Sociales<\/span><\/strong><\/td>\n<td align=\"LEFT\" valign=\"BOTTOM\"><span style=\"color: #000000; font-family: Calibri;\">\u00a0<\/span><\/td>\n<td align=\"LEFT\" valign=\"BOTTOM\"><span style=\"color: #000000; font-family: Calibri;\">MUJICA Ma. Fernanda<\/span><\/td>\n<\/tr>\n<tr>\n<td align=\"LEFT\" valign=\"MIDDLE\" bgcolor=\"#FF99CC\" height=\"26\"><strong><span style=\"font-family: 'Comic Sans MS'; font-size: medium;\">(21) Did\u00e1ctica de las Ciencias Naturales<\/span><\/strong><\/td>\n<td align=\"LEFT\" valign=\"BOTTOM\"><span style=\"color: #000000; font-family: Calibri;\">\u00a0<\/span><\/td>\n<td align=\"LEFT\" valign=\"BOTTOM\"><span style=\"color: #000000; font-family: Calibri;\">ALMADA Germ\u00e1n<\/span><\/td>\n<\/tr>\n<tr>\n<td align=\"LEFT\" valign=\"MIDDLE\" bgcolor=\"#FF99CC\" height=\"26\"><strong><span style=\"font-family: 'Comic Sans MS'; font-size: medium;\">(22) Did\u00e1ctica de la Matem\u00e1tica<\/span><\/strong><\/td>\n<td align=\"LEFT\" valign=\"BOTTOM\"><span style=\"color: #000000; font-family: Calibri;\">\u00a0<\/span><\/td>\n<td align=\"LEFT\" valign=\"BOTTOM\"><span style=\"color: #000000; font-family: Calibri;\">RECAGNO Mar\u00eda Gabriela<\/span><\/td>\n<\/tr>\n<tr>\n<td align=\"LEFT\" valign=\"MIDDLE\" bgcolor=\"#FF99CC\" height=\"26\"><strong><span style=\"font-family: 'Comic Sans MS'; font-size: medium;\">(23) Campo de la Pr\u00e1ctica Docente II<\/span><\/strong><\/td>\n<td align=\"LEFT\" valign=\"BOTTOM\"><span style=\"color: #000000; font-family: Calibri;\">\u00a0<\/span><\/td>\n<td align=\"LEFT\" valign=\"BOTTOM\"><span style=\"color: #000000; font-family: Calibri;\">SENA Mariana<\/span><\/td>\n<\/tr>\n<tr>\n<td align=\"LEFT\" valign=\"MIDDLE\" bgcolor=\"#FF99CC\" height=\"26\"><strong><span style=\"font-family: 'Comic Sans MS'; font-size: medium;\">(24) TFO ( Inform\u00e1tica )<\/span><\/strong><\/td>\n<td align=\"LEFT\" valign=\"BOTTOM\"><span style=\"color: #000000; font-family: Calibri;\">\u00a0<\/span><\/td>\n<td align=\"LEFT\" valign=\"BOTTOM\"><span style=\"color: #000000; font-family: Calibri;\">MARQUEST\u00d3 Guillermo<\/span><\/td>\n<\/tr>\n<tr>\n<td align=\"LEFT\" valign=\"BOTTOM\" height=\"27\"><span style=\"font-size: medium;\">\u00a0<\/span><\/td>\n<td align=\"LEFT\" valign=\"BOTTOM\"><span style=\"color: #000000; font-family: Calibri;\">\u00a0<\/span><\/td>\n<td align=\"LEFT\" valign=\"BOTTOM\"><span style=\"color: #000000; font-family: Calibri;\">\u00a0<\/span><\/td>\n<td align=\"LEFT\" valign=\"BOTTOM\"><strong><span style=\"font-size: large;\">\u00a0<\/span><\/strong><\/td>\n<\/tr>\n<tr>\n<td align=\"LEFT\" valign=\"MIDDLE\" bgcolor=\"#FF99CC\" height=\"26\"><strong><span style=\"font-family: 'Comic Sans MS'; font-size: medium;\">(26) Historia y Prospectiva de la Educaci\u00f3n<\/span><\/strong><\/td>\n<td align=\"LEFT\" valign=\"BOTTOM\"><span style=\"color: #000000; font-family: Calibri;\">\u00a0<\/span><\/td>\n<td align=\"LEFT\" valign=\"BOTTOM\"><span style=\"color: #000000; font-family: Calibri;\">ALVAREZ Laura<\/span><\/td>\n<td rowspan=\"14\" align=\"CENTER\" valign=\"MIDDLE\" bgcolor=\"#FFCCFF\"><strong><span style=\"font-size: x-large;\">3\u00ba a\u00f1o<\/span><\/strong><\/td>\n<\/tr>\n<tr>\n<td align=\"LEFT\" valign=\"MIDDLE\" bgcolor=\"#FF99CC\" height=\"26\"><strong><span style=\"font-family: 'Comic Sans MS'; font-size: medium;\">(27) Pol\u00edticas, Legislaci\u00f3n y Administraci\u00f3n del Trabajo Escolar<\/span><\/strong><\/td>\n<td align=\"LEFT\" valign=\"BOTTOM\"><span style=\"color: #000000; font-family: Calibri;\">\u00a0<\/span><\/td>\n<td align=\"LEFT\" valign=\"BOTTOM\"><span style=\"color: #000000; font-family: Calibri;\">VAZQUEZ Cristina<\/span><\/td>\n<\/tr>\n<tr>\n<td align=\"LEFT\" valign=\"MIDDLE\" bgcolor=\"#FF99CC\" height=\"26\"><strong><span style=\"font-family: 'Comic Sans MS'; font-size: medium;\">(28) Juegos y Desarrollo Infantil<\/span><\/strong><\/td>\n<td align=\"LEFT\" valign=\"BOTTOM\"><span style=\"color: #000000; font-family: Calibri;\">\u00a0<\/span><\/td>\n<td align=\"LEFT\" valign=\"BOTTOM\">SENA Mariana<\/td>\n<\/tr>\n<tr>\n<td align=\"LEFT\" valign=\"MIDDLE\" bgcolor=\"#FF99CC\" height=\"26\"><strong><span style=\"font-family: 'Comic Sans MS'; font-size: medium;\">(29) Medios Audiovisuales, TIC\u00b4s y Educaci\u00f3n<\/span><\/strong><\/td>\n<td align=\"LEFT\" valign=\"BOTTOM\"><span style=\"color: #000000; font-family: Calibri;\">\u00a0<\/span><\/td>\n<td align=\"LEFT\" valign=\"BOTTOM\">MARQUEST\u00d3 Guillermo<\/td>\n<\/tr>\n<tr>\n<td align=\"LEFT\" valign=\"MIDDLE\" bgcolor=\"#FF99CC\" height=\"26\"><strong><span style=\"font-family: 'Comic Sans MS'; font-size: medium;\">(30) Educaci\u00f3n Musical<\/span><\/strong><\/td>\n<td align=\"LEFT\" valign=\"BOTTOM\"><span style=\"color: #000000; font-family: Calibri;\">\u00a0<\/span><\/td>\n<td align=\"LEFT\" valign=\"BOTTOM\"><span style=\"color: #000000; font-family: Calibri;\">DIAZ, Juan Manuel.<\/span><\/td>\n<\/tr>\n<tr>\n<td align=\"LEFT\" valign=\"MIDDLE\" bgcolor=\"#FF99CC\" height=\"26\"><strong><span style=\"font-family: 'Comic Sans MS'; font-size: medium;\">(31) Educaci\u00f3n F\u00edsica Escolar<\/span><\/strong><\/td>\n<td align=\"LEFT\" valign=\"BOTTOM\"><\/td>\n<td align=\"LEFT\" valign=\"BOTTOM\"><span style=\"color: #000000; font-family: Calibri;\">FERRERO, Gabriela.<\/span><\/td>\n<\/tr>\n<tr>\n<td align=\"LEFT\" valign=\"MIDDLE\" bgcolor=\"#FF99CC\" height=\"26\"><strong><span style=\"font-family: 'Comic Sans MS'; font-size: medium;\">(32) Taller de Literatura Infantil<\/span><\/strong><\/td>\n<td align=\"LEFT\" valign=\"BOTTOM\"><span style=\"color: #000000; font-family: Calibri;\">\u00a0<\/span><\/td>\n<td align=\"LEFT\" valign=\"BOTTOM\"><span style=\"color: #000000; font-family: Calibri;\">RECAGNO Mar\u00eda Gabriela<\/span><\/td>\n<\/tr>\n<tr>\n<td align=\"LEFT\" valign=\"MIDDLE\" bgcolor=\"#FF99CC\" height=\"26\"><strong><span style=\"font-family: 'Comic Sans MS'; font-size: medium;\">(33) Taller de Ciencias Sociales<\/span><\/strong><\/td>\n<td align=\"LEFT\" valign=\"BOTTOM\"><span style=\"color: #000000; font-family: Calibri;\">\u00a0<\/span><\/td>\n<td align=\"LEFT\" valign=\"BOTTOM\"><span style=\"color: #000000; font-family: Calibri;\">BENEGAS Cristian<\/span><\/td>\n<\/tr>\n<tr>\n<td align=\"LEFT\" valign=\"MIDDLE\" bgcolor=\"#FF99CC\" height=\"26\"><strong><span style=\"font-family: 'Comic Sans MS'; font-size: medium;\">(34) Taller de Ciencias Naturales<\/span><\/strong><\/td>\n<td align=\"LEFT\" valign=\"BOTTOM\"><span style=\"color: #000000; font-family: Calibri;\">\u00a0<\/span><\/td>\n<td align=\"LEFT\" valign=\"BOTTOM\">LOPEZ Eugenia<\/td>\n<\/tr>\n<tr>\n<td align=\"LEFT\" valign=\"MIDDLE\" bgcolor=\"#FF99CC\" height=\"26\"><strong><span style=\"font-family: 'Comic Sans MS'; font-size: medium;\">(35) Taller de Matem\u00e1tica<\/span><\/strong><\/td>\n<td align=\"LEFT\" valign=\"BOTTOM\"><span style=\"color: #000000; font-family: Calibri;\">\u00a0<\/span><\/td>\n<td align=\"LEFT\" valign=\"BOTTOM\"><span style=\"color: #000000; font-family: Calibri;\">RECAGNO Mar\u00eda Gabriela<\/span><\/td>\n<\/tr>\n<tr>\n<td align=\"LEFT\" valign=\"MIDDLE\" bgcolor=\"#FF99CC\" height=\"26\"><strong><span style=\"font-family: 'Comic Sans MS'; font-size: medium;\">(36) Producci\u00f3n de Materiales y Objetos l\u00fadicos<\/span><\/strong><\/td>\n<td align=\"LEFT\" valign=\"BOTTOM\"><span style=\"color: #000000; font-family: Calibri;\">\u00a0<\/span><\/td>\n<td align=\"LEFT\" valign=\"BOTTOM\"><span style=\"color: #000000; font-family: Calibri;\">RIELLA Teresa Beatriz<\/span><\/td>\n<\/tr>\n<tr>\n<td align=\"LEFT\" valign=\"MIDDLE\" bgcolor=\"#FF99CC\" height=\"26\"><strong><span style=\"font-family: 'Comic Sans MS'; font-size: medium;\">(37) Campo de la Pr\u00e1ctica Docente III<\/span><\/strong><\/td>\n<td align=\"LEFT\" valign=\"BOTTOM\"><span style=\"color: #000000; font-family: Calibri;\">\u00a0<\/span><\/td>\n<td align=\"LEFT\" valign=\"BOTTOM\"><span style=\"color: #000000; font-family: Calibri;\">CRESTA Anal\u00eda<\/span><\/td>\n<\/tr>\n<tr>\n<td align=\"LEFT\" valign=\"MIDDLE\" bgcolor=\"#FF99CC\" height=\"26\"><strong><span style=\"font-family: 'Comic Sans MS'; font-size: medium;\">(38) TFO ( ESI, Emociones, Inclusi\u00f3n y Diversidad )<\/span><\/strong><\/td>\n<td align=\"LEFT\" valign=\"BOTTOM\"><span style=\"color: #000000; font-family: Calibri;\">\u00a0<\/span><\/td>\n<td align=\"LEFT\" valign=\"BOTTOM\"><span style=\"color: #000000; font-family: Calibri;\">SENA Mariana<\/span><\/td>\n<\/tr>\n<tr>\n<td align=\"LEFT\" valign=\"MIDDLE\" bgcolor=\"#FF99CC\" height=\"27\"><strong><span style=\"font-family: 'Comic Sans MS'; font-size: medium;\">(39)\u00a0<\/span><\/strong><\/td>\n<td align=\"LEFT\" valign=\"BOTTOM\"><span style=\"color: #000000; font-family: Calibri;\">\u00a0<\/span><\/td>\n<td align=\"LEFT\" valign=\"BOTTOM\"><\/td>\n<\/tr>\n<tr>\n<td align=\"LEFT\" valign=\"BOTTOM\" height=\"27\"><span style=\"font-size: medium;\">\u00a0<\/span><\/td>\n<td align=\"LEFT\" valign=\"BOTTOM\"><span style=\"color: #000000; font-family: Calibri;\">\u00a0<\/span><\/td>\n<td align=\"LEFT\" valign=\"BOTTOM\"><span style=\"color: #000000; font-family: Calibri;\">\u00a0<\/span><\/td>\n<td align=\"LEFT\" valign=\"BOTTOM\"><strong><span style=\"font-size: large;\">\u00a0<\/span><\/strong><\/td>\n<\/tr>\n<tr>\n<td align=\"LEFT\" valign=\"MIDDLE\" bgcolor=\"#FF99CC\" height=\"26\"><strong><span style=\"font-family: 'Comic Sans MS'; font-size: medium;\">(40) Reflexi\u00f3n Filos\u00f3fica de la Educaci\u00f3n<\/span><\/strong><\/td>\n<td align=\"LEFT\" valign=\"BOTTOM\"><span style=\"color: #000000; font-family: Calibri;\">\u00a0<\/span><\/td>\n<td align=\"LEFT\" valign=\"BOTTOM\"><span style=\"color: #000000; font-family: Calibri;\">ARROBAS Marianela<\/span><\/td>\n<td rowspan=\"9\" align=\"CENTER\" valign=\"MIDDLE\" bgcolor=\"#FFCCFF\"><strong><span style=\"font-size: x-large;\">4\u00ba a\u00f1o<\/span><\/strong><\/td>\n<\/tr>\n<tr>\n<td align=\"LEFT\" valign=\"MIDDLE\" bgcolor=\"#FF99CC\" height=\"26\"><strong><span style=\"font-family: 'Comic Sans MS'; font-size: medium;\">(41) Dimensi\u00f3n \u00c9tico Pol\u00edtica de la Praxis Docente<\/span><\/strong><\/td>\n<td align=\"LEFT\" valign=\"BOTTOM\"><span style=\"color: #000000; font-family: Calibri;\">\u00a0<\/span><\/td>\n<td align=\"LEFT\" valign=\"BOTTOM\"><span style=\"color: #000000; font-family: Calibri;\">ARROBAS Marianela<\/span><\/td>\n<\/tr>\n<tr>\n<td align=\"LEFT\" valign=\"MIDDLE\" bgcolor=\"#FF99CC\" height=\"26\"><strong><span style=\"font-family: 'Comic Sans MS'; font-size: medium;\">(42) Educaci\u00f3n en y para la Salud<\/span><\/strong><\/td>\n<td align=\"LEFT\" valign=\"BOTTOM\"><span style=\"color: #000000; font-family: Calibri;\">\u00a0<\/span><\/td>\n<td align=\"LEFT\" valign=\"BOTTOM\">JOFRE Yamila<\/td>\n<\/tr>\n<tr>\n<td align=\"LEFT\" valign=\"MIDDLE\" bgcolor=\"#FF99CC\" height=\"26\"><strong><span style=\"font-family: 'Comic Sans MS'; font-size: medium;\">(43) Ateneo de Pr\u00e1cticas del Lenguaje y la Literatura<\/span><\/strong><\/td>\n<td align=\"LEFT\" valign=\"BOTTOM\"><span style=\"color: #000000; font-family: Calibri;\">\u00a0<\/span><\/td>\n<td align=\"LEFT\" valign=\"BOTTOM\"><span style=\"color: #000000; font-family: Calibri;\">CAPACE Laura<\/span><\/td>\n<\/tr>\n<tr>\n<td align=\"LEFT\" valign=\"MIDDLE\" bgcolor=\"#FF99CC\" height=\"26\"><strong><span style=\"font-family: 'Comic Sans MS'; font-size: medium;\">(44) Ateneo de Matem\u00e1tica<\/span><\/strong><\/td>\n<td align=\"LEFT\" valign=\"BOTTOM\"><span style=\"color: #000000; font-family: Calibri;\">\u00a0<\/span><\/td>\n<td align=\"LEFT\" valign=\"BOTTOM\">RECAGNO Gabriela<\/td>\n<\/tr>\n<tr>\n<td align=\"LEFT\" valign=\"MIDDLE\" bgcolor=\"#FF99CC\" height=\"26\"><strong><span style=\"font-family: 'Comic Sans MS'; font-size: medium;\">(45) Ateneo de Naturaleza y Sociedad<\/span><\/strong><\/td>\n<td align=\"LEFT\" valign=\"BOTTOM\"><span style=\"color: #000000; font-family: Calibri;\">\u00a0<\/span><\/td>\n<td align=\"LEFT\" valign=\"BOTTOM\">BARRIONUEVO Victoria<\/td>\n<\/tr>\n<tr>\n<td align=\"LEFT\" valign=\"MIDDLE\" bgcolor=\"#FF99CC\" height=\"26\"><strong><span style=\"font-family: 'Comic Sans MS'; font-size: medium;\">(46) Ateneo de Nuevas Expresiones Est\u00e9ticas<\/span><\/strong><\/td>\n<td align=\"LEFT\" valign=\"BOTTOM\"><span style=\"color: #000000; font-family: Calibri;\">\u00a0<\/span><\/td>\n<td align=\"LEFT\" valign=\"BOTTOM\"><span style=\"color: #000000; font-family: Calibri;\">MAIDANA, Elena.<\/span><\/td>\n<\/tr>\n<tr>\n<td align=\"LEFT\" valign=\"MIDDLE\" bgcolor=\"#FF99CC\" height=\"26\"><strong><span style=\"font-family: 'Comic Sans MS'; font-size: medium;\">(47) Campo de la Pr\u00e1ctica IV<\/span><\/strong><\/td>\n<td align=\"LEFT\" valign=\"BOTTOM\"><span style=\"color: #000000; font-family: Calibri;\">\u00a0<\/span><\/td>\n<td align=\"LEFT\" valign=\"BOTTOM\">MAIDANA, Elena.<\/td>\n<\/tr>\n<tr>\n<td align=\"LEFT\" valign=\"MIDDLE\" bgcolor=\"#FF99CC\" height=\"26\"><strong><span style=\"font-family: 'Comic Sans MS'; font-size: medium;\">(48) TFO (Taller de Producci\u00f3n de Planes de Clases)<\/span><\/strong><\/td>\n<td align=\"LEFT\" valign=\"BOTTOM\"><span style=\"color: #000000; font-family: Calibri;\">\u00a0<\/span><\/td>\n<td align=\"LEFT\" valign=\"BOTTOM\">COCIO Cresta<\/td>\n<\/tr>\n<\/tbody>\n<\/table>\n","protected":false},"excerpt":{"rendered":"<p>Materias EDUCACION INICIAL \u00a0 CICLO LECTIVO: 2025 A\u00f1o \u00a0 \u00a0 DOCENTE \u00a0 (1) Taller de Lectura, Escritura y Oralidad \u00a0 COCIO Cresta Lucrecia 1\u00ba a\u00f1o (2) Taller de Pensamiento L\u00f3gico Matem\u00e1tico \u00a0 MAIDANA Elena del Pilar (3) Taller de Definici\u00f3n Institucional \u00a0 PEREYRA M\u00f3nica (4) Filosof\u00eda \u00a0 ARROBAS Marianela (5) Did\u00e1ctica General \u00a0 SENA Mariana &#8230; <a title=\"Docentes del Instituto en Educaci\u00f3n Inicial\" class=\"read-more\" href=\"https:\/\/isfdyt209-bue.infd.edu.ar\/sitio\/docentes-del-instituto-en-educacion-inicial\/\" aria-label=\"More on Docentes del Instituto en Educaci\u00f3n Inicial\">[+]<\/a><\/p>\n","protected":false},"author":120,"featured_media":0,"parent":0,"menu_order":0,"comment_status":"closed","ping_status":"closed","template":"","meta":[],"acf":[],"_links":{"self":[{"href":"https:\/\/isfdyt209-bue.infd.edu.ar\/sitio\/wp-json\/wp\/v2\/pages\/805"}],"collection":[{"href":"https:\/\/isfdyt209-bue.infd.edu.ar\/sitio\/wp-json\/wp\/v2\/pages"}],"about":[{"href":"https:\/\/isfdyt209-bue.infd.edu.ar\/sitio\/wp-json\/wp\/v2\/types\/page"}],"author":[{"embeddable":true,"href":"https:\/\/isfdyt209-bue.infd.edu.ar\/sitio\/wp-json\/wp\/v2\/users\/120"}],"replies":[{"embeddable":true,"href":"https:\/\/isfdyt209-bue.infd.edu.ar\/sitio\/wp-json\/wp\/v2\/comments?post=805"}],"version-history":[{"count":6,"href":"https:\/\/isfdyt209-bue.infd.edu.ar\/sitio\/wp-json\/wp\/v2\/pages\/805\/revisions"}],"predecessor-version":[{"id":7405,"href":"https:\/\/isfdyt209-bue.infd.edu.ar\/sitio\/wp-json\/wp\/v2\/pages\/805\/revisions\/7405"}],"wp:attachment":[{"href":"https:\/\/isfdyt209-bue.infd.edu.ar\/sitio\/wp-json\/wp\/v2\/media?parent=805"}],"curies":[{"name":"wp","href":"https:\/\/api.w.org\/{rel}","templated":true}]}}