{"id":7515,"date":"2025-09-19T20:41:31","date_gmt":"2025-09-19T23:41:31","guid":{"rendered":"https:\/\/isfdyt209-bue.infd.edu.ar\/sitio\/?page_id=7515"},"modified":"2026-02-26T20:03:40","modified_gmt":"2026-02-26T23:03:40","slug":"inscripciones","status":"publish","type":"page","link":"https:\/\/isfdyt209-bue.infd.edu.ar\/sitio\/inscripciones\/","title":{"rendered":"&#x270d;&#xfe0f; INSCRIPCION 2026 (\u00daltima Instancia)"},"content":{"rendered":"\n<div class=\"wp-block-media-text alignwide is-stacked-on-mobile is-image-fill\" style=\"grid-template-columns:51% auto\"><figure class=\"wp-block-media-text__media\" style=\"background-image:url(https:\/\/isfdyt209-bue.infd.edu.ar\/sitio\/wp-content\/uploads\/2024\/11\/insc-baner-3.jpg);background-position:21% 36%\"><img decoding=\"async\" loading=\"lazy\" width=\"1170\" height=\"976\" src=\"https:\/\/isfdyt209-bue.infd.edu.ar\/sitio\/wp-content\/uploads\/2024\/11\/insc-baner-3.jpg\" alt=\"\" class=\"wp-image-6275 size-full\" srcset=\"https:\/\/isfdyt209-bue.infd.edu.ar\/sitio\/wp-content\/uploads\/2024\/11\/insc-baner-3.jpg 1170w, https:\/\/isfdyt209-bue.infd.edu.ar\/sitio\/wp-content\/uploads\/2024\/11\/insc-baner-3-1000x834.jpg 1000w, https:\/\/isfdyt209-bue.infd.edu.ar\/sitio\/wp-content\/uploads\/2024\/11\/insc-baner-3-768x641.jpg 768w\" sizes=\"(max-width: 1170px) 100vw, 1170px\" \/><\/figure><div class=\"wp-block-media-text__content\">\n<h2 class=\"wp-block-heading\" style=\"font-size:32px;font-style:normal;font-weight:700;text-transform:uppercase\"><strong><mark style=\"background-color:#ebd210\" class=\"has-inline-color\">ED. INICIAL Y ED. FISICA SIN VACANTES<\/mark><\/strong><\/h2>\n\n\n\n<p>La Preinscripci\u00f3n finaliz\u00f3 en Diciembre y los aspirantes deben tener completo el <a href=\"https:\/\/docs.google.com\/forms\/d\/e\/1FAIpQLSde_HJB6rTV3RSIjSUzm_gn_gvEkMGiif74dWkp97wLEYvcmg\/viewform?usp=header\"><strong><em>Formulario de Preinscripci\u00f3n<\/em><\/strong>. &#x2b05;&#xfe0f;<\/a><br><br><strong>La nueva fecha limite es 6 de Marzo y es la ultima instancia<\/strong> de presentar la <strong><a href=\"https:\/\/isfdyt209-bue.infd.edu.ar\/sitio\/requisitos\/\">DOCUMENTACION SOLICITADA<\/a><\/strong> &#x2b05;&#xfe0f; para finalizar la Inscripci\u00f3n en el Instituto y abonar cooperadora al momento de entregar el legajo, el horario de entrega de documentaci\u00f3n es de 18 a 20hs. <strong>Se abre esta inscripci\u00f3n en Febrero para quienes no hayan tra\u00eddo los papeles aun<\/strong> <strong>y hasta completar las vacantes de Cada Carrera.<\/strong><\/p>\n\n\n\n<p class=\"has-medium-font-size\"><strong>IMPORTANTE: <strong>LA PRE INSCRPCION SOLO ES PARA CARGA DE DATOS EN SISTEMA<\/strong> Y LA VACANTE SOLO SE ASEGURA CON LA ENTREGA DE  LA DOCUMENTACION<\/strong>.<strong> <\/strong><\/p>\n\n\n\n<p><a href=\"https:\/\/isfdyt209-bue.infd.edu.ar\/sitio\/horarios\/\"><strong>Los horarios<\/strong><\/a> de cursada vigentes se encuentran publicados y ante cualquier duda&nbsp;<strong>pueden acercarse a Consultar en el Instituto de Lunes a Viernes de 18hs a 20Hs<\/strong>. Los que ya sean alumnos de a\u00f1os anteriores con materias aprobadas se anotan directamente a la cursada de materias en Marzo.<\/p>\n\n\n\n<p class=\"has-text-align-left has-base-background-color has-background\">&#x1f6a8;<strong>ALUMNOS DE PASE DE OTROS INSTITUTOS:<\/strong> el 27 febrero se realiza la segunda charla de Pases y Equivalencias a partir  de las <strong>18:30 hs<\/strong>; all\u00ed les dar\u00e1n la info, explicar\u00e1n como deben solicitar el pase y acercarlo al instituto para corroborar la <a href=\"https:\/\/isfdyt209-bue.infd.edu.ar\/sitio\/equivalencias-de-materias\/\">Equivalencias de Materias<\/a> y luego anotarse en las Cursadas. <strong>La fecha se confirma a la brevedad.<\/strong><\/p>\n<\/div><\/div>\n\n\n\n<p><\/p>\n","protected":false},"excerpt":{"rendered":"<p>ED. INICIAL Y ED. FISICA SIN VACANTES La Preinscripci\u00f3n finaliz\u00f3 en Diciembre y los aspirantes deben tener completo el Formulario de Preinscripci\u00f3n. &#x2b05;&#xfe0f; La nueva fecha limite es 6 de Marzo y es la ultima instancia de presentar la DOCUMENTACION SOLICITADA &#x2b05;&#xfe0f; para finalizar la Inscripci\u00f3n en el Instituto y abonar cooperadora al momento de &#8230; <a title=\"&#x270d;&#xfe0f; INSCRIPCION 2026 (\u00daltima Instancia)\" class=\"read-more\" href=\"https:\/\/isfdyt209-bue.infd.edu.ar\/sitio\/inscripciones\/\" aria-label=\"More on &#x270d;&#xfe0f; INSCRIPCION 2026 (\u00daltima Instancia)\">[+]<\/a><\/p>\n","protected":false},"author":1533,"featured_media":0,"parent":0,"menu_order":0,"comment_status":"closed","ping_status":"closed","template":"","meta":[],"acf":[],"_links":{"self":[{"href":"https:\/\/isfdyt209-bue.infd.edu.ar\/sitio\/wp-json\/wp\/v2\/pages\/7515"}],"collection":[{"href":"https:\/\/isfdyt209-bue.infd.edu.ar\/sitio\/wp-json\/wp\/v2\/pages"}],"about":[{"href":"https:\/\/isfdyt209-bue.infd.edu.ar\/sitio\/wp-json\/wp\/v2\/types\/page"}],"author":[{"embeddable":true,"href":"https:\/\/isfdyt209-bue.infd.edu.ar\/sitio\/wp-json\/wp\/v2\/users\/1533"}],"replies":[{"embeddable":true,"href":"https:\/\/isfdyt209-bue.infd.edu.ar\/sitio\/wp-json\/wp\/v2\/comments?post=7515"}],"version-history":[{"count":32,"href":"https:\/\/isfdyt209-bue.infd.edu.ar\/sitio\/wp-json\/wp\/v2\/pages\/7515\/revisions"}],"predecessor-version":[{"id":7899,"href":"https:\/\/isfdyt209-bue.infd.edu.ar\/sitio\/wp-json\/wp\/v2\/pages\/7515\/revisions\/7899"}],"wp:attachment":[{"href":"https:\/\/isfdyt209-bue.infd.edu.ar\/sitio\/wp-json\/wp\/v2\/media?parent=7515"}],"curies":[{"name":"wp","href":"https:\/\/api.w.org\/{rel}","templated":true}]}}