{"id":6865,"date":"2025-03-26T21:51:33","date_gmt":"2025-03-27T00:51:33","guid":{"rendered":"https:\/\/isfdyt209-bue.infd.edu.ar\/sitio\/?page_id=6865"},"modified":"2026-03-19T21:14:04","modified_gmt":"2026-03-20T00:14:04","slug":"profesorado-en-educacion-fisica","status":"publish","type":"page","link":"https:\/\/isfdyt209-bue.infd.edu.ar\/sitio\/profesorado-en-educacion-fisica\/","title":{"rendered":"&#x1f7e2; Profesorado en Educaci\u00f3n F\u00edsica."},"content":{"rendered":"\n<p>El t\u00edtulo de Profesor de Educaci\u00f3n F\u00edsica habilita al graduado para ejercer en diversas \u00e1reas del deporte y la educaci\u00f3n:<\/p>\n\n\n\n<ul id=\":Sd:-list-0\">\n<li>Docencia en todos los niveles educativos:&nbsp;Desde el nivel inicial hasta la educaci\u00f3n superior.<\/li>\n\n\n\n<li>Ense\u00f1anza en instituciones deportivas:&nbsp;Clubes, colonias de vacaciones, institutos deportivos, Natatorios entre otros.<\/li>\n\n\n\n<li>Conducci\u00f3n de ense\u00f1anza t\u00e9cnica y t\u00e1ctica:&nbsp;Dirigir el aprendizaje de t\u00e9cnicas y t\u00e1cticas deportivas a nivel global.<\/li>\n\n\n\n<li>Acompa\u00f1amiento en la pr\u00e1ctica deportiva:&nbsp;Guiar a individuos o grupos durante sus actividades deportivas.<\/li>\n\n\n\n<li>Promoci\u00f3n de actividades deportivas:&nbsp;Organizar y fomentar diversas modalidades deportivas.<\/li>\n\n\n\n<li>Transmisi\u00f3n de valores educativos:&nbsp;Inculcar valores positivos y educativos a trav\u00e9s del deporte formativo.<\/li>\n\n\n\n<li>\u00c1mbitos de desempe\u00f1o:&nbsp;Instituciones civiles, clubes, academias privadas, programas federativos, colonias de vacaciones, entidades gubernamentales (municipales, provinciales y nacionales), y escuelas de iniciaci\u00f3n deportiva.<\/li>\n\n\n\n<li>Entrenadores T\u00e9cnicos Deportivos:&nbsp;Profesionales vinculados a la formaci\u00f3n atl\u00e9tica de deportistas<\/li>\n<\/ul>\n\n\n\n<p><\/p>\n\n\n\n<p>&#x1f7e2; <strong>Sobre la Carrera: <\/strong><\/p>\n\n\n\n<ul style=\"font-size:16px\">\n<li><strong>M\u00e9todo de Cursada<\/strong>: Presencial<\/li>\n\n\n\n<li><strong>Fecha de Inicio<\/strong>: Marzo 2026<\/li>\n\n\n\n<li><strong>Duraci\u00f3n<\/strong>: 4 A\u00f1os<\/li>\n\n\n\n<li><strong>Requisitos y Documentaci\u00f3n<\/strong>: <a href=\"https:\/\/isfdyt209-bue.infd.edu.ar\/sitio\/requisitos\/\">Ingrese Aqu\u00ed<\/a><\/li>\n<\/ul>\n\n\n\n<figure class=\"wp-block-image size-large\"><a href=\"https:\/\/isfdyt209-bue.infd.edu.ar\/sitio\/wp-content\/uploads\/2025\/11\/image.png\"><img decoding=\"async\" loading=\"lazy\" width=\"1203\" height=\"1900\" src=\"https:\/\/isfdyt209-bue.infd.edu.ar\/sitio\/wp-content\/uploads\/2025\/11\/image-1203x1900.png\" alt=\"\" class=\"wp-image-7763\" srcset=\"https:\/\/isfdyt209-bue.infd.edu.ar\/sitio\/wp-content\/uploads\/2025\/11\/image-1203x1900.png 1203w, https:\/\/isfdyt209-bue.infd.edu.ar\/sitio\/wp-content\/uploads\/2025\/11\/image-633x1000.png 633w, https:\/\/isfdyt209-bue.infd.edu.ar\/sitio\/wp-content\/uploads\/2025\/11\/image-768x1213.png 768w, https:\/\/isfdyt209-bue.infd.edu.ar\/sitio\/wp-content\/uploads\/2025\/11\/image-972x1536.png 972w, https:\/\/isfdyt209-bue.infd.edu.ar\/sitio\/wp-content\/uploads\/2025\/11\/image-1296x2048.png 1296w, https:\/\/isfdyt209-bue.infd.edu.ar\/sitio\/wp-content\/uploads\/2025\/11\/image.png 1654w\" sizes=\"(max-width: 1203px) 100vw, 1203px\" \/><\/a><\/figure>\n\n\n\n<p style=\"font-size:23px\"><br>&#x1f7e2; <strong>Preceptora: <mark style=\"background-color:rgba(0, 0, 0, 0);color:#34de4e\" class=\"has-inline-color\">Daniela Ceballos<\/mark><\/strong><\/p>\n\n\n\n<ul>\n<li>Inscripci\u00f3n 2026 <strong><mark style=\"background-color:rgba(0, 0, 0, 0);color:#fb0000\" class=\"has-inline-color\">(FINALIZADA \/ Sin Vacantes)<\/mark><\/strong><\/li>\n\n\n\n<li><a href=\"https:\/\/isfdyt209-bue.infd.edu.ar\/sitio\/wp-content\/uploads\/2026\/03\/image-10.png\">Horarios de Cursada 2026.<\/a><\/li>\n\n\n\n<li><a href=\"https:\/\/isfdyt209-bue.infd.edu.ar\/sitio\/plan-de-estudios-2\/\">Plan de Estudio y Docentes<\/a>.<\/li>\n\n\n\n<li><a href=\"https:\/\/isfdyt209-bue.infd.edu.ar\/sitio\/correlatividades-para-la-cursada-en-educacion-fisica\/\">Correlatividades de Cursadas y Finales.<\/a><\/li>\n\n\n\n<li><a href=\"https:\/\/isfdyt209-bue.infd.edu.ar\/sitio\/mesas-de-examen\/\">Mesas de Examen<\/a><\/li>\n<\/ul>\n","protected":false},"excerpt":{"rendered":"<p>El t\u00edtulo de Profesor de Educaci\u00f3n F\u00edsica habilita al graduado para ejercer en diversas \u00e1reas del deporte y la educaci\u00f3n: &#x1f7e2; Sobre la Carrera: &#x1f7e2; Preceptora: Daniela Ceballos<\/p>\n","protected":false},"author":1533,"featured_media":0,"parent":0,"menu_order":0,"comment_status":"closed","ping_status":"closed","template":"","meta":[],"acf":[],"_links":{"self":[{"href":"https:\/\/isfdyt209-bue.infd.edu.ar\/sitio\/wp-json\/wp\/v2\/pages\/6865"}],"collection":[{"href":"https:\/\/isfdyt209-bue.infd.edu.ar\/sitio\/wp-json\/wp\/v2\/pages"}],"about":[{"href":"https:\/\/isfdyt209-bue.infd.edu.ar\/sitio\/wp-json\/wp\/v2\/types\/page"}],"author":[{"embeddable":true,"href":"https:\/\/isfdyt209-bue.infd.edu.ar\/sitio\/wp-json\/wp\/v2\/users\/1533"}],"replies":[{"embeddable":true,"href":"https:\/\/isfdyt209-bue.infd.edu.ar\/sitio\/wp-json\/wp\/v2\/comments?post=6865"}],"version-history":[{"count":38,"href":"https:\/\/isfdyt209-bue.infd.edu.ar\/sitio\/wp-json\/wp\/v2\/pages\/6865\/revisions"}],"predecessor-version":[{"id":8042,"href":"https:\/\/isfdyt209-bue.infd.edu.ar\/sitio\/wp-json\/wp\/v2\/pages\/6865\/revisions\/8042"}],"wp:attachment":[{"href":"https:\/\/isfdyt209-bue.infd.edu.ar\/sitio\/wp-json\/wp\/v2\/media?parent=6865"}],"curies":[{"name":"wp","href":"https:\/\/api.w.org\/{rel}","templated":true}]}}